{"id":24,"date":"2021-05-13T17:41:33","date_gmt":"2021-05-13T15:41:33","guid":{"rendered":"http:\/\/dan-car.dk\/mesmerize\/"},"modified":"2026-01-22T12:47:25","modified_gmt":"2026-01-22T11:47:25","slug":"mesmerize","status":"publish","type":"page","link":"https:\/\/dan-car.dk\/","title":{"rendered":"Front Page"},"content":{"rendered":"<div  id=\"features-10\" style=\"background-color: #ffffff;\" data-label=\"Features\" data-id=\"features-16-card-bordered\" data-export-id=\"features-16-card-bordered\" data-category=\"features\" class=\"features-16-card-bordered content-section content-section-spacing\"><div  class=\"gridContainer\"> <div  class=\"row text-center\"><div  class=\"section-title-col\" data-type=\"column\"> <h2  class=\"\">Velkommen hos Dan-Car Viborg<\/h2> <p  class=\"lead\">Ring eller kig ind til et uforpligtende tilbud p\u00e5 din bil. Vi st\u00e5r altid klar til at hj\u00e6lpe dig med alt fra service, sommer\/vinterd\u00e6k og st\u00f8rre reperationer og fejlfinding<\/p><\/div> <\/div> <div  class=\"row spaced-cols\" data-type=\"row\"> <div  class=\"col-xs-12 col-sm-6 col-md-4\"> <div  class=\"card no-padding bordered y-move\"> <img  decoding=\"async\" class=\"face\" src=\"https:\/\/dan-car.dk\/wp-content\/uploads\/2026\/01\/cropped-ChatGPT-Image-22.-jan.-2026-12.44.38.png\" title=\"cropped-ChatGPT-Image-22.-jan.-2026-12.44.38.png\" alt=\"\"> <div  data-type=\"column\" class=\"col-padding-small col-padding-small-xs description-container\"> <h4  class=\"font-500\">Sommerd\u00e6k<\/h4> <p  class=\"\"><img  decoding=\"async\" draggable=\"false\" role=\"img\" class=\"emoji\" alt=\"\ud83d\udd06\" src=\"https:\/\/s.w.org\/images\/core\/emoji\/13.0.1\/svg\/1f506.svg\">Sommerd\u00e6k er s\u00e6rligt udviklet til at k\u00f8re p\u00e5 varme veje, og de giver dig den korteste bremsel\u00e6ngde p\u00e5 b\u00e5de t\u00f8r og v\u00e5d vej i den varme s\u00e6son. <img  decoding=\"async\" draggable=\"false\" role=\"img\" class=\"emoji\" alt=\"\ud83d\udd06\" src=\"https:\/\/s.w.org\/images\/core\/emoji\/13.0.1\/svg\/1f506.svg\"><\/p><\/div> <div  data-type=\"column\" class=\"col-padding-small col-padding-small-xs read-more-container\"><a  class=\"read-more\" href=\"https:\/\/dan-car.dk?page_id=6\" target=\"_self\" data-cp-link=\"1\" rel=\"noopener\">L\u00e6s mere<\/a><\/div> <\/div><\/div> <div  class=\"col-xs-12 col-sm-6 col-md-4\"><div  class=\"card no-padding bordered y-move\"> <img  decoding=\"async\" class=\"face\" src=\"https:\/\/dan-car.dk\/wp-content\/uploads\/2026\/01\/cropped-ChatGPT-Image-22.-jan.-2026-12.36.25.png\" title=\"cropped-ChatGPT-Image-22.-jan.-2026-12.36.25.png\" alt=\"\"> <div  data-type=\"column\" class=\"col-padding-small col-padding-small-xs description-container\"> <h4  class=\"font-500\">Service<\/h4> <p  class=\"\">Er din bil for\u00e5rsklar?<br >Det er vigtigt at overholde bilens serviceintervaller for at undg\u00e5 dyre nedbrud.<\/p><\/div> <div  data-type=\"column\" class=\"col-padding-small col-padding-small-xs read-more-container\"><a  class=\"read-more\" href=\"https:\/\/dan-car.dk?page_id=65\" target=\"_self\" data-cp-link=\"1\" rel=\"noopener\">L\u00e6s mere<\/a><\/div> <\/div><\/div> <div  class=\"col-xs-12 col-sm-6 col-md-4\"><div  class=\"card no-padding bordered y-move\"> <img  decoding=\"async\" class=\"face\" src=\"https:\/\/dan-car.dk\/wp-content\/uploads\/2026\/01\/cropped-ChatGPT-Image-22.-jan.-2026-12.29.54-2.png\" title=\"cropped-ChatGPT-Image-22.-jan.-2026-12.29.54-2.png\" alt=\"\"> <div  data-type=\"column\" class=\"col-padding-small col-padding-small-xs description-container\"> <h4  class=\"font-500\">Klimaanl\u00e6g<\/h4> <p  class=\"\">Vidste du, at det er rigtig VIGTIGT at vedligeholde dit klima- \/aircondition anl\u00e6g? <img  decoding=\"async\" draggable=\"false\" role=\"img\" class=\"emoji\" alt=\"\ud83d\udd90\ufe0f\" src=\"https:\/\/s.w.org\/images\/core\/emoji\/13.0.1\/svg\/1f590.svg\">\n<br >&nbsp;&nbsp;<\/p><\/div> <div  data-type=\"column\" class=\"col-padding-small col-padding-small-xs read-more-container\"><a  class=\"read-more\" href=\"https:\/\/dan-car.dk?page_id=104\" target=\"_self\" data-cp-link=\"1\" rel=\"noopener\">L\u00e6s mere<\/a><\/div> <\/div><\/div> <\/div><\/div> <\/div><div  id=\"content-13\" style=\"background-color: #f5fafd;\" data-label=\"Content\" data-id=\"content-2\" data-export-id=\"content-2\" data-category=\"content\" class=\"content-2 content-section content-section-spacing\"><div > <div  class=\"row middle-xs\"><div  class=\"col-sm-5 bg-image shadow-large-black\" data-bg=\"image\" style=\"background-image: url(&quot;https:\/\/dan-car.dk\/wp-content\/uploads\/2021\/08\/cropped-221552314_6483461888346364_535723667484997081_n.jpg&quot;);\"><\/div> <div  class=\"col-sm-7 full-col-left-padding full-col-right-padding\"> <div  class=\"row\"> <div  data-type=\"column\" class=\"space-bottom-small content-title-col\">  <h2  class=\"\">Find os p\u00e5 B\u00f8ssemagervej 5, 8800 Viborg<\/h2> <p  class=\"\">Find os p\u00e5 B\u00f8ssemagervej 5, 8800 Viborg\n<br ><br >Mandag-Torsdag 7.30 \u2013 16.00 \u2013 Fredag 7.30 \u2013 14.00<br ><br >Vi st\u00e5r klar til at hj\u00e6lpe dig og din bil godt p\u00e5 vej igen.\n<br >Kig ind og book dit n\u00e6stee service allerede i dag.\n<br ><br >\n<br >Vi gl\u00e6der os til at se dig\n<br ><br >P\u00e5 gensyn \u2013 Dan og Hp<\/p><\/div> <\/div> <div  class=\"row spaced-cols \" data-type=\"row\">   <div  class=\"col-xs-6\" data-type=\"column\"> <\/div>  <\/div><\/div> <\/div><\/div> <\/div><div  id=\"hvem-er-vi\" style=\"background-color: #ffffff;\" data-label=\"Hvem er vi\" data-id=\"team-2\" data-export-id=\"team-2\" data-category=\"team\" class=\"team-2 content-section content-section-spacing\"><div  class=\"gridContainer\"> <div  class=\"row text-center\"><div  class=\"section-title-col\" data-type=\"column\"> <h2  class=\"\" style=\"border-bottom-color: rgb(97, 162, 232);\">Teamet bag Dan-car<\/h2> <p  class=\"lead\">Hos Dan-car f\u00e5r du altid professionel og personlig kundeservice. Vi g\u00f8r alt hvad vi kan for at du hurtigt kan v\u00e6re k\u00f8rende igen.<\/p><\/div> <\/div> <div  class=\"row spaced-cols content-center-sm center-sm\" data-type=\"row\"> <div  class=\"col-sm-6 col-md-3\"> <div  class=\"card y-move no-padding bordered\"> <img  decoding=\"async\" class=\"face\" src=\"https:\/\/dan-car.dk\/wp-content\/uploads\/2021\/05\/Dan.jpg\" title=\"Dan\" alt=\"\"> <div  data-type=\"column\" class=\"col-padding-small col-padding-small-xs description-container\"> <h4  class=\"font-500\">Dan Korsgaard<\/h4> <p  class=\"small\" style=\"font-style: italic;\">Mekaniker<\/p> <div  class=\"social-icons-group\" data-type=\"group\"> <a  href=\"\/\/www.facebook.com\/Dan-Car-Dit-Hella-service-partner-V%C3%A6rksted-871119226247353\" target=\"_self\" rel=\"noopener\" class=\"\"><i  class=\"gray fa icon fa-facebook-square\"><\/i><\/a> <a  href=\"#\" target=\"_self\" data-reiki-hidden=\"true\" rel=\"noopener\"><i  class=\"gray fa icon fa-twitter-square\"><\/i><\/a> <a  href=\"#\" target=\"_self\" data-reiki-hidden=\"true\" rel=\"noopener\"><i  class=\"gray fa icon fa-linkedin-square\"><\/i><\/a> <a  href=\"#\" target=\"_self\" data-reiki-hidden=\"true\" rel=\"noopener\"><i  class=\"gray fa icon fa-google-plus-square\"><\/i><\/a><\/div> <\/div><\/div> <\/div> <div  class=\"col-sm-6 col-md-3\"> <div  class=\"card y-move no-padding bordered\"> <img  decoding=\"async\" class=\"face\" src=\"https:\/\/dan-car.dk\/wp-content\/uploads\/2021\/05\/Hp.jpg\" title=\"Hp\" alt=\"\"> <div  data-type=\"column\" class=\"col-padding-small col-padding-small-xs description-container\"> <h4  class=\"font-500\">Hans-Peter Nielsen<\/h4> <p  class=\"small\" style=\"font-style: italic;\">Mekaniker<\/p> <div  class=\"social-icons-group\" data-type=\"group\"> <a  href=\"\/\/www.facebook.com\/Dan-Car-Dit-Hella-service-partner-V%C3%A6rksted-871119226247353\" target=\"_self\" rel=\"noopener\" class=\"\"><i  class=\"gray fa icon fa-facebook-square\"><\/i><\/a> <a  href=\"#\" target=\"_self\" data-reiki-hidden=\"true\" rel=\"noopener\"><i  class=\"gray fa icon fa-twitter-square\"><\/i><\/a> <a  href=\"#\" target=\"_self\" data-reiki-hidden=\"true\" rel=\"noopener\"><i  class=\"gray fa icon fa-linkedin-square\"><\/i><\/a> <a  href=\"#\" target=\"_self\" data-reiki-hidden=\"true\" rel=\"noopener\"><i  class=\"gray fa icon fa-google-plus-square\"><\/i><\/a><\/div> <\/div><\/div> <\/div>      <\/div> <\/div><\/div>","protected":false},"excerpt":{"rendered":"<p>Velkommen hos Dan-Car Viborg Ring eller kig ind til et uforpligtende tilbud p\u00e5 din bil. Vi st\u00e5r altid klar til at hj\u00e6lpe dig med alt fra service, sommer\/vinterd\u00e6k og st\u00f8rre reperationer og fejlfinding Sommerd\u00e6k Sommerd\u00e6k er s\u00e6rligt udviklet til at k\u00f8re p\u00e5 varme veje, og de giver dig den korteste bremsel\u00e6ngde p\u00e5 b\u00e5de t\u00f8r og&hellip; <br \/> <a class=\"read-more\" href=\"https:\/\/dan-car.dk\/\">L\u00e6s mere<\/a><\/p>\n","protected":false},"author":1,"featured_media":0,"parent":0,"menu_order":0,"comment_status":"closed","ping_status":"closed","template":"page-templates\/homepage.php","meta":{"footnotes":""},"class_list":["post-24","page","type-page","status-publish","hentry"],"_links":{"self":[{"href":"https:\/\/dan-car.dk\/index.php?rest_route=\/wp\/v2\/pages\/24","targetHints":{"allow":["GET"]}}],"collection":[{"href":"https:\/\/dan-car.dk\/index.php?rest_route=\/wp\/v2\/pages"}],"about":[{"href":"https:\/\/dan-car.dk\/index.php?rest_route=\/wp\/v2\/types\/page"}],"author":[{"embeddable":true,"href":"https:\/\/dan-car.dk\/index.php?rest_route=\/wp\/v2\/users\/1"}],"replies":[{"embeddable":true,"href":"https:\/\/dan-car.dk\/index.php?rest_route=%2Fwp%2Fv2%2Fcomments&post=24"}],"version-history":[{"count":11,"href":"https:\/\/dan-car.dk\/index.php?rest_route=\/wp\/v2\/pages\/24\/revisions"}],"predecessor-version":[{"id":229,"href":"https:\/\/dan-car.dk\/index.php?rest_route=\/wp\/v2\/pages\/24\/revisions\/229"}],"wp:attachment":[{"href":"https:\/\/dan-car.dk\/index.php?rest_route=%2Fwp%2Fv2%2Fmedia&parent=24"}],"curies":[{"name":"wp","href":"https:\/\/api.w.org\/{rel}","templated":true}]}}